{"id":3,"date":"2024-06-17T17:57:34","date_gmt":"2024-06-17T15:57:34","guid":{"rendered":"https:\/\/mundialtecnic.ad\/?page_id=3"},"modified":"2024-06-25T10:05:51","modified_gmt":"2024-06-25T08:05:51","slug":"politica-de-privadesa","status":"publish","type":"page","link":"https:\/\/mundialtecnic.ad\/index.php\/home-1\/politica-de-privadesa\/","title":{"rendered":"Av\u00eds legal i Pol\u00edtica de privadesa"},"content":{"rendered":"\r\n<p><strong>DADES PERSONALS<\/strong><\/p>\r\n<p><b>Protecci\u00f3 Dades Personals<\/b><br \/>En aquest lloc web no es recull cap dada personal sense el consentiment del client. Les dades personals que el client facilita no se cedeixen ni es venen a tercers. Les dades que se sol\u00b7liciten s\u00f3n les estrictament necess\u00e0ries i imprescindibles per a poder proporcionar una resposta o una prestaci\u00f3 de servei al client.<\/p>\r\n<p><b>Drets De L&#8217;usuari<\/b><br \/>Les dades personals recollides en aquesta Web es tractaran \u00fanica i exclusivament amb la finalitat descrita en la Protecci\u00f3 de dades personals i no s&#8217;utilitzaran per a cap altra finalitat. En qualsevol moment els usuaris poden exercir els seus drets d&#8217;acc\u00e9s, oposici\u00f3, correcci\u00f3 i supressi\u00f3 de les seves dades de car\u00e0cter personal. Aquests drets els pot exercir l&#8217;usuari davant del responsable del tractament de les dades, mitjan\u00e7ant una sol\u00b7licitud per carta o correu electr\u00f2nic al domicili social de l&#8217;empresa:<\/p>\r\n<p><strong>Mundial T\u00e8cnic (Serveis de propietat intel\u00b7lectual)<br \/>Av. d&#8217;Enclar 72, 1er pis.<br \/><\/strong>Santa Coloma. AD500. Principat d&#8217;Andorra.<br \/>Tel. (00376) 864 601<br \/>Correu electr\u00f2nic: mtcerq@andorra.ad<\/p>\r\n<p>Mundial T\u00e8cnic es reserva el dret en tot moment de modificar les dades de la p\u00e0gina web mitjan\u00e7ant l&#8217;actualitzaci\u00f3 de la mateixa. Mundial T\u00e8cnic no podr\u00e0 ser considerada responsable per qualsevol dany, directa o indirectament, que resulti d&#8217;alguna informaci\u00f3 de continguts a la web. L&#8217;usuari es compromet a no utilitzar en aquesta p\u00e0gina web, informaci\u00f3 que pugui comportar responsabilitat civil o penal, i es compromet aix\u00ed mateix a no difondre a trav\u00e9s de la p\u00e0gina web informaci\u00f3 il\u00b7legal, contr\u00e0ria a l&#8217;ordre p\u00fablic o difamat\u00f2ria.<\/p>\r\n<p><b>Legislaci\u00f3 aplicable i jurisdicci\u00f3<\/b><br \/>Els Termes i Condicions es regiran per la legislaci\u00f3 andorrana.<br \/>Els usuaris d&#8217;aquest lloc web es sotmeten a la jurisdicci\u00f3 andorrana, amb ren\u00fancia expressa a qualsevol altre fur que, conforme a Dret, els pogu\u00e9s correspondre.<\/p>\r\n<p>L&#8217;usuari s&#8217;obliga a fer un \u00fas correcte del Portal i dels seus continguts de conformitat amb la Llei i el present Av\u00eds Legal. L&#8217;usuari respondr\u00e0 enfront de MUNDIAL T\u00c8CNIC, de qualsevol dany i perjudici que pugui causar com a conseq\u00fc\u00e8ncia de l&#8217;incompliment d&#8217;aquesta obligaci\u00f3.<\/p>\r\n<p>Queda expressament prohibit l&#8217;\u00fas del Portal amb finalitats lesives vers els b\u00e9ns o interessos de MUNDIAL T\u00c8CNIC o que de qualsevol altra forma sobrecarreguin, danyin o inutilitzin les xarxes, servidors i altres equips inform\u00e0tics o productes i aplicacions inform\u00e0tiques de MUNDIAL T\u00c8CNIC.<\/p>\r\n<p>Amb car\u00e0cter enunciatiu i de cap manera limitatiu, l&#8217;usuari, d&#8217;acord amb la legislaci\u00f3 vigent, haur\u00e0 d&#8217;abstenir-se de reproduir, copiar, distribuir, posar a disposici\u00f3, comunicar p\u00fablicament, transformar o modificar els continguts excepte en els casos autoritzats en la llei o expressament consentits per MUNDIAL T\u00c8CNIC.<\/p>\r\n<p>Tot el contingut que pugui ser descarregat del Portal de MUNDIAL T\u00c8CNIC \u00e9s per a \u00fas personal i, no pot ser utilitzat per a altres fins, qualsevol que siguin, ni cedit a tercers.<\/p>\r\n<p>E-mail: mtcerq@andorra.ad \/ spi@andorra.ad<\/p>\r\n\r\n<p>&nbsp;<\/p>","protected":false},"excerpt":{"rendered":"<p>DADES PERSONALS Protecci\u00f3 Dades PersonalsEn aquest lloc web no es recull cap dada personal sense el consentiment del client. Les dades personals que el client facilita no se cedeixen ni es venen a tercers. Les dades que se sol\u00b7liciten s\u00f3n les estrictament necess\u00e0ries i imprescindibles per a poder proporcionar una resposta o una prestaci\u00f3 de [&hellip;]<\/p>\n","protected":false},"author":1,"featured_media":0,"parent":284,"menu_order":0,"comment_status":"closed","ping_status":"open","template":"","meta":{"footnotes":""},"class_list":["post-3","page","type-page","status-publish","hentry"],"_links":{"self":[{"href":"https:\/\/mundialtecnic.ad\/index.php\/wp-json\/wp\/v2\/pages\/3","targetHints":{"allow":["GET"]}}],"collection":[{"href":"https:\/\/mundialtecnic.ad\/index.php\/wp-json\/wp\/v2\/pages"}],"about":[{"href":"https:\/\/mundialtecnic.ad\/index.php\/wp-json\/wp\/v2\/types\/page"}],"author":[{"embeddable":true,"href":"https:\/\/mundialtecnic.ad\/index.php\/wp-json\/wp\/v2\/users\/1"}],"replies":[{"embeddable":true,"href":"https:\/\/mundialtecnic.ad\/index.php\/wp-json\/wp\/v2\/comments?post=3"}],"version-history":[{"count":2,"href":"https:\/\/mundialtecnic.ad\/index.php\/wp-json\/wp\/v2\/pages\/3\/revisions"}],"predecessor-version":[{"id":460,"href":"https:\/\/mundialtecnic.ad\/index.php\/wp-json\/wp\/v2\/pages\/3\/revisions\/460"}],"up":[{"embeddable":true,"href":"https:\/\/mundialtecnic.ad\/index.php\/wp-json\/wp\/v2\/pages\/284"}],"wp:attachment":[{"href":"https:\/\/mundialtecnic.ad\/index.php\/wp-json\/wp\/v2\/media?parent=3"}],"curies":[{"name":"wp","href":"https:\/\/api.w.org\/{rel}","templated":true}]}}

Avís legal i Política de privadesa

<p><strong>DADES PERSONALS</strong></p>
<p><b>Protecció Dades Personals</b><br />En aquest lloc web no es recull cap dada personal sense el consentiment del client. Les dades personals que el client facilita no se cedeixen ni es venen a tercers. Les dades que se sol·liciten són les estrictament necessàries i imprescindibles per a poder proporcionar una resposta o una prestació de servei al client.</p>
<p><b>Drets De L&#8217;usuari</b><br />Les dades personals recollides en aquesta Web es tractaran única i exclusivament amb la finalitat descrita en la Protecció de dades personals i no s&#8217;utilitzaran per a cap altra finalitat. En qualsevol moment els usuaris poden exercir els seus drets d&#8217;accés, oposició, correcció i supressió de les seves dades de caràcter personal. Aquests drets els pot exercir l&#8217;usuari davant del responsable del tractament de les dades, mitjançant una sol·licitud per carta o correu electrònic al domicili social de l&#8217;empresa:</p>
<p><strong>Mundial Tècnic (Serveis de propietat intel·lectual)<br />Av. d&#8217;Enclar 72, 1er pis.<br /></strong>Santa Coloma. AD500. Principat d&#8217;Andorra.<br />Tel. (00376) 864 601<br />Correu electrònic: mtcerq@andorra.ad</p>
<p>Mundial Tècnic es reserva el dret en tot moment de modificar les dades de la pàgina web mitjançant l&#8217;actualització de la mateixa. Mundial Tècnic no podrà ser considerada responsable per qualsevol dany, directa o indirectament, que resulti d&#8217;alguna informació de continguts a la web. L&#8217;usuari es compromet a no utilitzar en aquesta pàgina web, informació que pugui comportar responsabilitat civil o penal, i es compromet així mateix a no difondre a través de la pàgina web informació il·legal, contrària a l&#8217;ordre públic o difamatòria.</p>
<p><b>Legislació aplicable i jurisdicció</b><br />Els Termes i Condicions es regiran per la legislació andorrana.<br />Els usuaris d&#8217;aquest lloc web es sotmeten a la jurisdicció andorrana, amb renúncia expressa a qualsevol altre fur que, conforme a Dret, els pogués correspondre.</p>
<p>L&#8217;usuari s&#8217;obliga a fer un ús correcte del Portal i dels seus continguts de conformitat amb la Llei i el present Avís Legal. L&#8217;usuari respondrà enfront de MUNDIAL TÈCNIC, de qualsevol dany i perjudici que pugui causar com a conseqüència de l&#8217;incompliment d&#8217;aquesta obligació.</p>
<p>Queda expressament prohibit l&#8217;ús del Portal amb finalitats lesives vers els béns o interessos de MUNDIAL TÈCNIC o que de qualsevol altra forma sobrecarreguin, danyin o inutilitzin les xarxes, servidors i altres equips informàtics o productes i aplicacions informàtiques de MUNDIAL TÈCNIC.</p>
<p>Amb caràcter enunciatiu i de cap manera limitatiu, l&#8217;usuari, d&#8217;acord amb la legislació vigent, haurà d&#8217;abstenir-se de reproduir, copiar, distribuir, posar a disposició, comunicar públicament, transformar o modificar els continguts excepte en els casos autoritzats en la llei o expressament consentits per MUNDIAL TÈCNIC.</p>
<p>Tot el contingut que pugui ser descarregat del Portal de MUNDIAL TÈCNIC és per a ús personal i, no pot ser utilitzat per a altres fins, qualsevol que siguin, ni cedit a tercers.</p>
<p>E-mail: mtcerq@andorra.ad / spi@andorra.ad</p>

<p>&nbsp;</p>

<p>DADES PERSONALS Protecció Dades PersonalsEn aquest lloc web no es recull cap dada personal sense el consentiment del client. Les dades personals que el client facilita no se cedeixen ni es venen a tercers. Les dades que se sol·liciten són les estrictament necessàries i imprescindibles per a poder proporcionar una resposta o una prestació de [&hellip;]</p>
